{"id":5753,"date":"2023-10-18T10:13:21","date_gmt":"2023-10-18T08:13:21","guid":{"rendered":"https:\/\/kunstimaltenweingut.de\/?post_type=cpt_portfolio&#038;p=5753"},"modified":"2025-02-28T10:13:24","modified_gmt":"2025-02-28T09:13:24","slug":"alexej-von-jawlensky-variation","status":"publish","type":"cpt_portfolio","link":"https:\/\/kunstimaltenweingut.de\/en\/portfolio\/alexej-von-jawlensky-variation\/","title":{"rendered":"Alexej von Jawlensky, Variation"},"content":{"rendered":"\t\t<div data-elementor-type=\"wp-post\" data-elementor-id=\"5753\" class=\"elementor elementor-5753\" data-elementor-post-type=\"cpt_portfolio\">\n\t\t\t\t\t\t<section class=\"elementor-section elementor-top-section elementor-element elementor-element-798f54b elementor-section-boxed elementor-section-height-default elementor-section-height-default\" data-id=\"798f54b\" data-element_type=\"section\" data-e-type=\"section\">\n\t\t\t\t\t\t<div class=\"elementor-container elementor-column-gap-default\">\n\t\t\t\t\t<div class=\"elementor-column elementor-col-100 elementor-top-column elementor-element elementor-element-347d1bdf sc_inner_width_none sc_content_align_inherit sc_layouts_column_icons_position_left\" data-id=\"347d1bdf\" data-element_type=\"column\" data-e-type=\"column\">\n\t\t\t<div class=\"elementor-widget-wrap elementor-element-populated\">\n\t\t\t\t\t\t<div class=\"elementor-element elementor-element-1f932f74 animation_type_block sc_fly_static elementor-widget elementor-widget-text-editor\" data-id=\"1f932f74\" data-element_type=\"widget\" data-e-type=\"widget\" data-widget_type=\"text-editor.default\">\n\t\t\t\t<div class=\"elementor-widget-container\">\n\t\t\t\t\t\t\t\t\t<p>Alexej von Jawlensky, Variation<br \/>\u00a9 public domain<\/p>\t\t\t\t\t\t\t\t<\/div>\n\t\t\t\t<\/div>\n\t\t\t\t\t<\/div>\n\t\t<\/div>\n\t\t\t\t\t<\/div>\n\t\t<\/section>\n\t\t\t\t<section class=\"elementor-section elementor-top-section elementor-element elementor-element-160fc466 elementor-section-boxed elementor-section-height-default elementor-section-height-default\" data-id=\"160fc466\" data-element_type=\"section\" data-e-type=\"section\">\n\t\t\t\t\t\t<div class=\"elementor-container elementor-column-gap-extended\">\n\t\t\t\t\t<div class=\"elementor-column elementor-col-100 elementor-top-column elementor-element elementor-element-a272b22 sc_inner_width_none sc_content_align_inherit sc_layouts_column_icons_position_left\" data-id=\"a272b22\" data-element_type=\"column\" data-e-type=\"column\">\n\t\t\t<div class=\"elementor-widget-wrap elementor-element-populated\">\n\t\t\t\t\t\t<div class=\"elementor-element elementor-element-37021ed animation_type_block sc_fly_static elementor-widget elementor-widget-spacer\" data-id=\"37021ed\" data-element_type=\"widget\" data-e-type=\"widget\" data-widget_type=\"spacer.default\">\n\t\t\t\t<div class=\"elementor-widget-container\">\n\t\t\t\t\t\t\t<div class=\"elementor-spacer\">\n\t\t\t<div class=\"elementor-spacer-inner\"><\/div>\n\t\t<\/div>\n\t\t\t\t\t\t<\/div>\n\t\t\t\t<\/div>\n\t\t\t\t<div class=\"elementor-element elementor-element-76cc2ce8 animation_type_block sc_fly_static elementor-widget elementor-widget-text-editor\" data-id=\"76cc2ce8\" data-element_type=\"widget\" data-e-type=\"widget\" data-widget_type=\"text-editor.default\">\n\t\t\t\t<div class=\"elementor-widget-container\">\n\t\t\t\t\t\t\t\t\t<p>Farbige Fl\u00e4chen in Blau-, Rot- und Gr\u00fcnt\u00f6nen vereinen sich in dem Gem\u00e4lde <em>Variation<\/em> zu einer Komposition, die an eine Landschaft erinnert.<\/p><p>\u00a0<\/p><p>Das Gem\u00e4lde steht in der Tradition der <em>Variationen \u00fcber ein landschaftliches Thema<\/em>, die das Werk des russischst\u00e4mmigen Expressionisten Alexej von Jawlenski nach 1914 mehrere Jahre lang bestimmen. Bei diesen, im Schweizer Exil entstandenen Gem\u00e4lden dienen Bildelemente wie abstrahierte B\u00e4ume oder B\u00fcsche als Metaphern f\u00fcr unsichtbare seelische Zust\u00e4nde. Jawlenski \u00e4u\u00dfert sich selbst in einem Brief dazu:<\/p><p>\u201eIch verstand, da\u00df ich nicht das malen mu\u00dfte, was ich sah, sogar nicht das, was ich f\u00fchlte, sondern nur das, was in mir, in meiner Seele lebte. [\u2026] Die Natur, die vor mir war, soufflierte mir nur. [\u2026] Anfangs war es sehr schwer. Aber nach und nach konnte ich leicht mit Farben und Formen das finden, was in meiner Seele war.\u201c (Jawlenski, Alexej: <em>An P. Willibrord Verkade.<\/em> In: <em>Das Kunstwerk.<\/em> 2. Jg., Heft 1\/2, 1948, S. 49)<\/p>\t\t\t\t\t\t\t\t<\/div>\n\t\t\t\t<\/div>\n\t\t\t\t<div class=\"elementor-element elementor-element-12006ca5 animation_type_block sc_fly_static elementor-widget elementor-widget-spacer\" data-id=\"12006ca5\" data-element_type=\"widget\" data-e-type=\"widget\" data-widget_type=\"spacer.default\">\n\t\t\t\t<div class=\"elementor-widget-container\">\n\t\t\t\t\t\t\t<div class=\"elementor-spacer\">\n\t\t\t<div class=\"elementor-spacer-inner\"><\/div>\n\t\t<\/div>\n\t\t\t\t\t\t<\/div>\n\t\t\t\t<\/div>\n\t\t\t\t<div class=\"elementor-element elementor-element-336fa559 animation_type_block sc_fly_static elementor-widget elementor-widget-text-editor\" data-id=\"336fa559\" data-element_type=\"widget\" data-e-type=\"widget\" data-widget_type=\"text-editor.default\">\n\t\t\t\t<div class=\"elementor-widget-container\">\n\t\t\t\t\t\t\t\t\t<p>Typisch f\u00fcr Jawlenski-Gem\u00e4lde nach 1914 ist das leinenstrukturierte Papier, das der K\u00fcnstler in der Schweiz kennen und als Bildtr\u00e4ger sch\u00e4tzen lernte. Es dient noch heute zur Beurteilung der Echtheit von Jawlenski-Gem\u00e4lden.<\/p>\t\t\t\t\t\t\t\t<\/div>\n\t\t\t\t<\/div>\n\t\t\t\t<div class=\"elementor-element elementor-element-2c9b7b2b animation_type_block sc_fly_static elementor-widget elementor-widget-spacer\" data-id=\"2c9b7b2b\" data-element_type=\"widget\" data-e-type=\"widget\" data-widget_type=\"spacer.default\">\n\t\t\t\t<div class=\"elementor-widget-container\">\n\t\t\t\t\t\t\t<div class=\"elementor-spacer\">\n\t\t\t<div class=\"elementor-spacer-inner\"><\/div>\n\t\t<\/div>\n\t\t\t\t\t\t<\/div>\n\t\t\t\t<\/div>\n\t\t\t\t<div class=\"elementor-element elementor-element-666aeb3f animation_type_block sc_fly_static elementor-widget elementor-widget-spacer\" data-id=\"666aeb3f\" data-element_type=\"widget\" data-e-type=\"widget\" data-widget_type=\"spacer.default\">\n\t\t\t\t<div class=\"elementor-widget-container\">\n\t\t\t\t\t\t\t<div class=\"elementor-spacer\">\n\t\t\t<div class=\"elementor-spacer-inner\"><\/div>\n\t\t<\/div>\n\t\t\t\t\t\t<\/div>\n\t\t\t\t<\/div>\n\t\t\t\t<div class=\"elementor-element elementor-element-44048400 animation_type_block sc_fly_static elementor-widget elementor-widget-trx_sc_title\" data-id=\"44048400\" data-element_type=\"widget\" data-e-type=\"widget\" data-widget_type=\"trx_sc_title.default\">\n\t\t\t\t<div class=\"elementor-widget-container\">\n\t\t\t\t\t<div id=\"trx_sc_title_1274167319\"\n\t\tclass=\"sc_title color_style_dark sc_title_decoration extra_vision\"><h4 class=\"sc_item_title sc_title_title sc_item_title_style_decoration sc_item_title_tag\"><span class=\"sc_item_title_text\">Zur\u00fcck zur \u00dcbersicht <\/span><\/h4><div id=\"sc_button_1363527340\"\tclass=\"sc_item_button sc_button_wrap sc_item_button sc_item_button_simple sc_title_button\"><a href=\"https:\/\/kunstimaltenweingut.de\/bildende-kunst-gemaelde\" class=\"sc_button sc_button_simple sc_button_size_normal sc_button_icon_left\"><span class=\"sc_button_text\"><span class=\"sc_button_title\">Exponate Bildende Kunst Gem\u00e4lde<\/span><\/span><!-- \/.sc_button_text --><\/a><!-- \/.sc_button --><\/div><!-- \/.sc_item_button --><\/div><!-- \/.sc_title -->\t\t\t\t<\/div>\n\t\t\t\t<\/div>\n\t\t\t\t\t<\/div>\n\t\t<\/div>\n\t\t\t\t\t<\/div>\n\t\t<\/section>\n\t\t\t\t<\/div>\n\t\t","protected":false},"excerpt":{"rendered":"<p>Bildende Kunst, Gem\u00e4lde<\/p>","protected":false},"author":4,"featured_media":5761,"comment_status":"closed","ping_status":"closed","template":"","cpt_portfolio_group":[127],"class_list":["post-5753","cpt_portfolio","type-cpt_portfolio","status-publish","has-post-thumbnail","hentry","cpt_portfolio_group-gemaelde"],"jetpack_sharing_enabled":true,"ticketed":false,"_links":{"self":[{"href":"https:\/\/kunstimaltenweingut.de\/en\/wp-json\/wp\/v2\/cpt_portfolio\/5753","targetHints":{"allow":["GET"]}}],"collection":[{"href":"https:\/\/kunstimaltenweingut.de\/en\/wp-json\/wp\/v2\/cpt_portfolio"}],"about":[{"href":"https:\/\/kunstimaltenweingut.de\/en\/wp-json\/wp\/v2\/types\/cpt_portfolio"}],"author":[{"embeddable":true,"href":"https:\/\/kunstimaltenweingut.de\/en\/wp-json\/wp\/v2\/users\/4"}],"replies":[{"embeddable":true,"href":"https:\/\/kunstimaltenweingut.de\/en\/wp-json\/wp\/v2\/comments?post=5753"}],"version-history":[{"count":0,"href":"https:\/\/kunstimaltenweingut.de\/en\/wp-json\/wp\/v2\/cpt_portfolio\/5753\/revisions"}],"wp:featuredmedia":[{"embeddable":true,"href":"https:\/\/kunstimaltenweingut.de\/en\/wp-json\/wp\/v2\/media\/5761"}],"wp:attachment":[{"href":"https:\/\/kunstimaltenweingut.de\/en\/wp-json\/wp\/v2\/media?parent=5753"}],"wp:term":[{"taxonomy":"cpt_portfolio_group","embeddable":true,"href":"https:\/\/kunstimaltenweingut.de\/en\/wp-json\/wp\/v2\/cpt_portfolio_group?post=5753"}],"curies":[{"name":"wp","href":"https:\/\/api.w.org\/{rel}","templated":true}]}}

<div data-elementor-type="wp-post" data-elementor-id="5753" class="elementor elementor-5753" data-elementor-post-type="cpt_portfolio">
						<section class="elementor-section elementor-top-section elementor-element elementor-element-798f54b elementor-section-boxed elementor-section-height-default elementor-section-height-default" data-id="798f54b" data-element_type="section" data-e-type="section">
						<div class="elementor-container elementor-column-gap-default">
					<div class="elementor-column elementor-col-100 elementor-top-column elementor-element elementor-element-347d1bdf sc_inner_width_none sc_content_align_inherit sc_layouts_column_icons_position_left" data-id="347d1bdf" data-element_type="column" data-e-type="column">
			<div class="elementor-widget-wrap elementor-element-populated">
						<div class="elementor-element elementor-element-1f932f74 animation_type_block sc_fly_static elementor-widget elementor-widget-text-editor" data-id="1f932f74" data-element_type="widget" data-e-type="widget" data-widget_type="text-editor.default">
				<div class="elementor-widget-container">
									<p>Alexej von Jawlensky, Variation<br />© public domain</p>								</div>
				</div>
					</div>
		</div>
					</div>
		</section>
				<section class="elementor-section elementor-top-section elementor-element elementor-element-160fc466 elementor-section-boxed elementor-section-height-default elementor-section-height-default" data-id="160fc466" data-element_type="section" data-e-type="section">
						<div class="elementor-container elementor-column-gap-extended">
					<div class="elementor-column elementor-col-100 elementor-top-column elementor-element elementor-element-a272b22 sc_inner_width_none sc_content_align_inherit sc_layouts_column_icons_position_left" data-id="a272b22" data-element_type="column" data-e-type="column">
			<div class="elementor-widget-wrap elementor-element-populated">
						<div class="elementor-element elementor-element-37021ed animation_type_block sc_fly_static elementor-widget elementor-widget-spacer" data-id="37021ed" data-element_type="widget" data-e-type="widget" data-widget_type="spacer.default">
				<div class="elementor-widget-container">
							<div class="elementor-spacer">
			<div class="elementor-spacer-inner"></div>
		</div>
						</div>
				</div>
				<div class="elementor-element elementor-element-76cc2ce8 animation_type_block sc_fly_static elementor-widget elementor-widget-text-editor" data-id="76cc2ce8" data-element_type="widget" data-e-type="widget" data-widget_type="text-editor.default">
				<div class="elementor-widget-container">
									<p>Farbige Flächen in Blau-, Rot- und Grüntönen vereinen sich in dem Gemälde <em>Variation</em> zu einer Komposition, die an eine Landschaft erinnert.</p><p> </p><p>Das Gemälde steht in der Tradition der <em>Variationen über ein landschaftliches Thema</em>, die das Werk des russischstämmigen Expressionisten Alexej von Jawlenski nach 1914 mehrere Jahre lang bestimmen. Bei diesen, im Schweizer Exil entstandenen Gemälden dienen Bildelemente wie abstrahierte Bäume oder Büsche als Metaphern für unsichtbare seelische Zustände. Jawlenski äußert sich selbst in einem Brief dazu:</p><p>„Ich verstand, daß ich nicht das malen mußte, was ich sah, sogar nicht das, was ich fühlte, sondern nur das, was in mir, in meiner Seele lebte. […] Die Natur, die vor mir war, soufflierte mir nur. […] Anfangs war es sehr schwer. Aber nach und nach konnte ich leicht mit Farben und Formen das finden, was in meiner Seele war.“ (Jawlenski, Alexej: <em>An P. Willibrord Verkade.</em> In: <em>Das Kunstwerk.</em> 2. Jg., Heft 1/2, 1948, S. 49)</p>								</div>
				</div>
				<div class="elementor-element elementor-element-12006ca5 animation_type_block sc_fly_static elementor-widget elementor-widget-spacer" data-id="12006ca5" data-element_type="widget" data-e-type="widget" data-widget_type="spacer.default">
				<div class="elementor-widget-container">
							<div class="elementor-spacer">
			<div class="elementor-spacer-inner"></div>
		</div>
						</div>
				</div>
				<div class="elementor-element elementor-element-336fa559 animation_type_block sc_fly_static elementor-widget elementor-widget-text-editor" data-id="336fa559" data-element_type="widget" data-e-type="widget" data-widget_type="text-editor.default">
				<div class="elementor-widget-container">
									<p>Typisch für Jawlenski-Gemälde nach 1914 ist das leinenstrukturierte Papier, das der Künstler in der Schweiz kennen und als Bildträger schätzen lernte. Es dient noch heute zur Beurteilung der Echtheit von Jawlenski-Gemälden.</p>								</div>
				</div>
				<div class="elementor-element elementor-element-2c9b7b2b animation_type_block sc_fly_static elementor-widget elementor-widget-spacer" data-id="2c9b7b2b" data-element_type="widget" data-e-type="widget" data-widget_type="spacer.default">
				<div class="elementor-widget-container">
							<div class="elementor-spacer">
			<div class="elementor-spacer-inner"></div>
		</div>
						</div>
				</div>
				<div class="elementor-element elementor-element-666aeb3f animation_type_block sc_fly_static elementor-widget elementor-widget-spacer" data-id="666aeb3f" data-element_type="widget" data-e-type="widget" data-widget_type="spacer.default">
				<div class="elementor-widget-container">
							<div class="elementor-spacer">
			<div class="elementor-spacer-inner"></div>
		</div>
						</div>
				</div>
				<div class="elementor-element elementor-element-44048400 animation_type_block sc_fly_static elementor-widget elementor-widget-trx_sc_title" data-id="44048400" data-element_type="widget" data-e-type="widget" data-widget_type="trx_sc_title.default">
				<div class="elementor-widget-container">
					<div id="trx_sc_title_1274167319"
		class="sc_title color_style_dark sc_title_decoration extra_vision"><h4 class="sc_item_title sc_title_title sc_item_title_style_decoration sc_item_title_tag"><span class="sc_item_title_text">Zurück zur Übersicht </span></h4><div id="sc_button_1363527340"	class="sc_item_button sc_button_wrap sc_item_button sc_item_button_simple sc_title_button"><a href="https://kunstimaltenweingut.de/bildende-kunst-gemaelde" class="sc_button sc_button_simple sc_button_size_normal sc_button_icon_left"><span class="sc_button_text"><span class="sc_button_title">Exponate Bildende Kunst Gemälde</span></span><!-- /.sc_button_text --></a><!-- /.sc_button --></div><!-- /.sc_item_button --></div><!-- /.sc_title -->				</div>
				</div>
					</div>
		</div>
					</div>
		</section>
				</div>

<p>Bildende Kunst, Gemälde</p>
