{"id":8035,"date":"2025-04-28T10:15:41","date_gmt":"2025-04-28T08:15:41","guid":{"rendered":"https:\/\/kunstimaltenweingut.de\/?post_type=cpt_portfolio&#038;p=8035"},"modified":"2025-04-28T17:00:05","modified_gmt":"2025-04-28T15:00:05","slug":"olowe-von-ise-verandapfosten-koenig","status":"publish","type":"cpt_portfolio","link":"https:\/\/kunstimaltenweingut.de\/de\/portfolio\/olowe-von-ise-verandapfosten-koenig\/","title":{"rendered":"Olowe von Ise &#8211; Verandapfosten, K\u00f6nig"},"content":{"rendered":"\t\t<div data-elementor-type=\"wp-post\" data-elementor-id=\"8035\" class=\"elementor elementor-8035\" data-elementor-post-type=\"cpt_portfolio\">\n\t\t\t\t\t\t<section class=\"elementor-section elementor-top-section elementor-element elementor-element-2806a8c6 elementor-section-boxed elementor-section-height-default elementor-section-height-default\" data-id=\"2806a8c6\" data-element_type=\"section\" data-e-type=\"section\">\n\t\t\t\t\t\t<div class=\"elementor-container elementor-column-gap-extended\">\n\t\t\t\t\t<div class=\"elementor-column elementor-col-100 elementor-top-column elementor-element elementor-element-7d2299b3 sc_inner_width_none sc_content_align_inherit sc_layouts_column_icons_position_left\" data-id=\"7d2299b3\" data-element_type=\"column\" data-e-type=\"column\">\n\t\t\t<div class=\"elementor-widget-wrap elementor-element-populated\">\n\t\t\t\t\t\t<div class=\"elementor-element elementor-element-48b43cf8 animation_type_block sc_fly_static elementor-widget elementor-widget-spacer\" data-id=\"48b43cf8\" data-element_type=\"widget\" data-e-type=\"widget\" data-widget_type=\"spacer.default\">\n\t\t\t\t<div class=\"elementor-widget-container\">\n\t\t\t\t\t\t\t<div class=\"elementor-spacer\">\n\t\t\t<div class=\"elementor-spacer-inner\"><\/div>\n\t\t<\/div>\n\t\t\t\t\t\t<\/div>\n\t\t\t\t<\/div>\n\t\t\t\t<div class=\"elementor-element elementor-element-399d717e animation_type_block sc_fly_static elementor-widget elementor-widget-text-editor\" data-id=\"399d717e\" data-element_type=\"widget\" data-e-type=\"widget\" data-widget_type=\"text-editor.default\">\n\t\t\t\t<div class=\"elementor-widget-container\">\n\t\t\t\t\t\t\t\t\t<p>Kaum zu glauben, dass der meisterhafte Bildhauer <a href=\"https:\/\/kunstimaltenweingut.de\/de\/olowe-von-ise-meister-der-innovation\/\"><span style=\"text-decoration: underline;\">Olowe von Ise<\/span><\/a> auch dieses Kunstwerk aus einem einzigen St\u00fcck Holz herausgearbeitet hat: Detailgenau stellt der Pfosten, der einst gemeinsam mit anderen das Verandadach eines Repr\u00e4sentationsbaus trug, den Oba dar. Kerzengrade sitzt der Yoruba-K\u00f6nig auf seinem Thron, sein Haupt schm\u00fcckt eine asymmetrische Zopffrisur, seinen Hals eine imposante Perlenkette. In seiner Rechten h\u00e4lt er einen mit grafischen Mustern verzierten Stab, auf dem ein Vogel sitzt. V\u00f6gel gelten bei den Yoruba im Allgemeinen als Vermittler zwischen weltlicher und g\u00f6ttlicher Sph\u00e4re und werden oft in der Herrschersymbolik verwendet. Kleine Skulpturen, die dem K\u00f6nig noch nicht einmal bis ans Knie reichen, verk\u00f6rpern den Hofstaat. Olowe verwendet hier die Bedeutungsperspektive, die auch aus der europ\u00e4ischen Kunst bekannt ist: Wichtiges wird besonders gro\u00df, weniger Wichtiges im Vergleich dazu klein dargestellt.<\/p><p>Verandapfosten wie dieser oder die ebenfalls im Obentraut3 ausgestellten Pfosten mit K\u00f6nigin und General waren weit mehr als architektonische Elemente. In ihren opulent geschm\u00fcckten Innenh\u00f6fen empfingen die Oba wichtige Besucher, und die hier zur Schau gestellten Kunstwerke dienten zur Untermauerung ihres Herrschaftsanspruchs.<\/p><p>An dieser Art von repr\u00e4sentativer Kunst am Bau nahmen sich alle ein Beispiel, die ihrerseits nach hohen \u00c4mtern strebten. Insbesondere zu Beginn des 20. Jahrhunderts bescherte dies den Yoruba-Bildhauern und ihren Werkst\u00e4tten einen wahren Auftragssegen. Allen voran: Olowe von Ise. Mit seiner k\u00fchnen Durchbruchtechnik, seiner Liebe zu Details und seiner F\u00e4higkeit, durch Licht und Schatten eine nie zuvor dagewesene Lebendigkeit zu schaffen, wurde er in seiner Heimat und schlie\u00dflich weit dar\u00fcber hinaus ber\u00fchmt.<\/p>\t\t\t\t\t\t\t\t<\/div>\n\t\t\t\t<\/div>\n\t\t\t\t<div class=\"elementor-element elementor-element-62ee533a animation_type_block sc_fly_static elementor-widget elementor-widget-spacer\" data-id=\"62ee533a\" data-element_type=\"widget\" data-e-type=\"widget\" data-widget_type=\"spacer.default\">\n\t\t\t\t<div class=\"elementor-widget-container\">\n\t\t\t\t\t\t\t<div class=\"elementor-spacer\">\n\t\t\t<div class=\"elementor-spacer-inner\"><\/div>\n\t\t<\/div>\n\t\t\t\t\t\t<\/div>\n\t\t\t\t<\/div>\n\t\t\t\t<div class=\"elementor-element elementor-element-6502bed animation_type_block sc_fly_static elementor-widget elementor-widget-text-editor\" data-id=\"6502bed\" data-element_type=\"widget\" data-e-type=\"widget\" data-widget_type=\"text-editor.default\">\n\t\t\t\t<div class=\"elementor-widget-container\">\n\t\t\t\t\t\t\t\t\t<p><strong>Mehr lesen: <\/strong><a href=\"https:\/\/kunstimaltenweingut.de\/de\/olowe-von-ise-meister-der-innovation\/\">Olowe von Ise &#8211; Meister der Innovation<\/a><\/p>\t\t\t\t\t\t\t\t<\/div>\n\t\t\t\t<\/div>\n\t\t\t\t<div class=\"elementor-element elementor-element-e765664 animation_type_block sc_fly_static elementor-widget elementor-widget-spacer\" data-id=\"e765664\" data-element_type=\"widget\" data-e-type=\"widget\" data-widget_type=\"spacer.default\">\n\t\t\t\t<div class=\"elementor-widget-container\">\n\t\t\t\t\t\t\t<div class=\"elementor-spacer\">\n\t\t\t<div class=\"elementor-spacer-inner\"><\/div>\n\t\t<\/div>\n\t\t\t\t\t\t<\/div>\n\t\t\t\t<\/div>\n\t\t\t\t<div class=\"elementor-element elementor-element-f54503e animation_type_block sc_fly_static elementor-widget elementor-widget-trx_sc_title\" data-id=\"f54503e\" data-element_type=\"widget\" data-e-type=\"widget\" data-widget_type=\"trx_sc_title.default\">\n\t\t\t\t<div class=\"elementor-widget-container\">\n\t\t\t\t\t<div id=\"trx_sc_title_2121708306\"\n\t\tclass=\"sc_title color_style_dark sc_title_decoration extra_vision\"><h4 class=\"sc_item_title sc_title_title sc_item_title_style_decoration sc_item_title_tag\"><span class=\"sc_item_title_text\">Zur\u00fcck zur \u00dcbersicht <\/span><\/h4><div id=\"sc_button_668058762\"\tclass=\"sc_item_button sc_button_wrap sc_item_button sc_item_button_simple sc_title_button\"><a href=\"https:\/\/kunstimaltenweingut.de\/de\/afrikanische-kunst\/\" class=\"sc_button sc_button_simple sc_button_size_normal sc_button_icon_left\"><span class=\"sc_button_text\"><span class=\"sc_button_title\">Exponate Afrikanische Kunst<\/span><\/span><!-- \/.sc_button_text --><\/a><!-- \/.sc_button --><\/div><!-- \/.sc_item_button --><\/div><!-- \/.sc_title -->\t\t\t\t<\/div>\n\t\t\t\t<\/div>\n\t\t\t\t\t<\/div>\n\t\t<\/div>\n\t\t\t\t\t<\/div>\n\t\t<\/section>\n\t\t\t\t<\/div>\n\t\t","protected":false},"excerpt":{"rendered":"<p>Afrikanische Kunst<\/p>\n","protected":false},"author":4,"featured_media":8040,"comment_status":"closed","ping_status":"closed","template":"","cpt_portfolio_group":[62],"class_list":["post-8035","cpt_portfolio","type-cpt_portfolio","status-publish","has-post-thumbnail","hentry","cpt_portfolio_group-afrika-exponate"],"jetpack_sharing_enabled":true,"ticketed":false,"_links":{"self":[{"href":"https:\/\/kunstimaltenweingut.de\/de\/wp-json\/wp\/v2\/cpt_portfolio\/8035","targetHints":{"allow":["GET"]}}],"collection":[{"href":"https:\/\/kunstimaltenweingut.de\/de\/wp-json\/wp\/v2\/cpt_portfolio"}],"about":[{"href":"https:\/\/kunstimaltenweingut.de\/de\/wp-json\/wp\/v2\/types\/cpt_portfolio"}],"author":[{"embeddable":true,"href":"https:\/\/kunstimaltenweingut.de\/de\/wp-json\/wp\/v2\/users\/4"}],"replies":[{"embeddable":true,"href":"https:\/\/kunstimaltenweingut.de\/de\/wp-json\/wp\/v2\/comments?post=8035"}],"version-history":[{"count":0,"href":"https:\/\/kunstimaltenweingut.de\/de\/wp-json\/wp\/v2\/cpt_portfolio\/8035\/revisions"}],"wp:featuredmedia":[{"embeddable":true,"href":"https:\/\/kunstimaltenweingut.de\/de\/wp-json\/wp\/v2\/media\/8040"}],"wp:attachment":[{"href":"https:\/\/kunstimaltenweingut.de\/de\/wp-json\/wp\/v2\/media?parent=8035"}],"wp:term":[{"taxonomy":"cpt_portfolio_group","embeddable":true,"href":"https:\/\/kunstimaltenweingut.de\/de\/wp-json\/wp\/v2\/cpt_portfolio_group?post=8035"}],"curies":[{"name":"wp","href":"https:\/\/api.w.org\/{rel}","templated":true}]}}

Olowe von Ise &#8211; Verandapfosten, König

<div data-elementor-type="wp-post" data-elementor-id="8035" class="elementor elementor-8035" data-elementor-post-type="cpt_portfolio">
						<section class="elementor-section elementor-top-section elementor-element elementor-element-2806a8c6 elementor-section-boxed elementor-section-height-default elementor-section-height-default" data-id="2806a8c6" data-element_type="section" data-e-type="section">
						<div class="elementor-container elementor-column-gap-extended">
					<div class="elementor-column elementor-col-100 elementor-top-column elementor-element elementor-element-7d2299b3 sc_inner_width_none sc_content_align_inherit sc_layouts_column_icons_position_left" data-id="7d2299b3" data-element_type="column" data-e-type="column">
			<div class="elementor-widget-wrap elementor-element-populated">
						<div class="elementor-element elementor-element-48b43cf8 animation_type_block sc_fly_static elementor-widget elementor-widget-spacer" data-id="48b43cf8" data-element_type="widget" data-e-type="widget" data-widget_type="spacer.default">
				<div class="elementor-widget-container">
							<div class="elementor-spacer">
			<div class="elementor-spacer-inner"></div>
		</div>
						</div>
				</div>
				<div class="elementor-element elementor-element-399d717e animation_type_block sc_fly_static elementor-widget elementor-widget-text-editor" data-id="399d717e" data-element_type="widget" data-e-type="widget" data-widget_type="text-editor.default">
				<div class="elementor-widget-container">
									<p>Kaum zu glauben, dass der meisterhafte Bildhauer <a href="https://kunstimaltenweingut.de/de/olowe-von-ise-meister-der-innovation/"><span style="text-decoration: underline;">Olowe von Ise</span></a> auch dieses Kunstwerk aus einem einzigen Stück Holz herausgearbeitet hat: Detailgenau stellt der Pfosten, der einst gemeinsam mit anderen das Verandadach eines Repräsentationsbaus trug, den Oba dar. Kerzengrade sitzt der Yoruba-König auf seinem Thron, sein Haupt schmückt eine asymmetrische Zopffrisur, seinen Hals eine imposante Perlenkette. In seiner Rechten hält er einen mit grafischen Mustern verzierten Stab, auf dem ein Vogel sitzt. Vögel gelten bei den Yoruba im Allgemeinen als Vermittler zwischen weltlicher und göttlicher Sphäre und werden oft in der Herrschersymbolik verwendet. Kleine Skulpturen, die dem König noch nicht einmal bis ans Knie reichen, verkörpern den Hofstaat. Olowe verwendet hier die Bedeutungsperspektive, die auch aus der europäischen Kunst bekannt ist: Wichtiges wird besonders groß, weniger Wichtiges im Vergleich dazu klein dargestellt.</p><p>Verandapfosten wie dieser oder die ebenfalls im Obentraut3 ausgestellten Pfosten mit Königin und General waren weit mehr als architektonische Elemente. In ihren opulent geschmückten Innenhöfen empfingen die Oba wichtige Besucher, und die hier zur Schau gestellten Kunstwerke dienten zur Untermauerung ihres Herrschaftsanspruchs.</p><p>An dieser Art von repräsentativer Kunst am Bau nahmen sich alle ein Beispiel, die ihrerseits nach hohen Ämtern strebten. Insbesondere zu Beginn des 20. Jahrhunderts bescherte dies den Yoruba-Bildhauern und ihren Werkstätten einen wahren Auftragssegen. Allen voran: Olowe von Ise. Mit seiner kühnen Durchbruchtechnik, seiner Liebe zu Details und seiner Fähigkeit, durch Licht und Schatten eine nie zuvor dagewesene Lebendigkeit zu schaffen, wurde er in seiner Heimat und schließlich weit darüber hinaus berühmt.</p>								</div>
				</div>
				<div class="elementor-element elementor-element-62ee533a animation_type_block sc_fly_static elementor-widget elementor-widget-spacer" data-id="62ee533a" data-element_type="widget" data-e-type="widget" data-widget_type="spacer.default">
				<div class="elementor-widget-container">
							<div class="elementor-spacer">
			<div class="elementor-spacer-inner"></div>
		</div>
						</div>
				</div>
				<div class="elementor-element elementor-element-6502bed animation_type_block sc_fly_static elementor-widget elementor-widget-text-editor" data-id="6502bed" data-element_type="widget" data-e-type="widget" data-widget_type="text-editor.default">
				<div class="elementor-widget-container">
									<p><strong>Mehr lesen: </strong><a href="https://kunstimaltenweingut.de/de/olowe-von-ise-meister-der-innovation/">Olowe von Ise &#8211; Meister der Innovation</a></p>								</div>
				</div>
				<div class="elementor-element elementor-element-e765664 animation_type_block sc_fly_static elementor-widget elementor-widget-spacer" data-id="e765664" data-element_type="widget" data-e-type="widget" data-widget_type="spacer.default">
				<div class="elementor-widget-container">
							<div class="elementor-spacer">
			<div class="elementor-spacer-inner"></div>
		</div>
						</div>
				</div>
				<div class="elementor-element elementor-element-f54503e animation_type_block sc_fly_static elementor-widget elementor-widget-trx_sc_title" data-id="f54503e" data-element_type="widget" data-e-type="widget" data-widget_type="trx_sc_title.default">
				<div class="elementor-widget-container">
					<div id="trx_sc_title_2121708306"
		class="sc_title color_style_dark sc_title_decoration extra_vision"><h4 class="sc_item_title sc_title_title sc_item_title_style_decoration sc_item_title_tag"><span class="sc_item_title_text">Zurück zur Übersicht </span></h4><div id="sc_button_668058762"	class="sc_item_button sc_button_wrap sc_item_button sc_item_button_simple sc_title_button"><a href="https://kunstimaltenweingut.de/de/afrikanische-kunst/" class="sc_button sc_button_simple sc_button_size_normal sc_button_icon_left"><span class="sc_button_text"><span class="sc_button_title">Exponate Afrikanische Kunst</span></span><!-- /.sc_button_text --></a><!-- /.sc_button --></div><!-- /.sc_item_button --></div><!-- /.sc_title -->				</div>
				</div>
					</div>
		</div>
					</div>
		</section>
				</div>
