{"id":6498,"date":"2024-01-23T08:32:00","date_gmt":"2024-01-23T07:32:00","guid":{"rendered":"https:\/\/kunstimaltenweingut.de\/?post_type=cpt_portfolio&#038;p=6498"},"modified":"2024-01-23T12:47:03","modified_gmt":"2024-01-23T11:47:03","slug":"paddel","status":"publish","type":"cpt_portfolio","link":"https:\/\/kunstimaltenweingut.de\/de\/portfolio\/paddel\/","title":{"rendered":"Paddel"},"content":{"rendered":"\t\t<div data-elementor-type=\"wp-post\" data-elementor-id=\"6498\" class=\"elementor elementor-6498\" data-elementor-post-type=\"cpt_portfolio\">\n\t\t\t\t\t\t<section class=\"elementor-section elementor-top-section elementor-element elementor-element-3ab46e6a elementor-section-boxed elementor-section-height-default elementor-section-height-default\" data-id=\"3ab46e6a\" data-element_type=\"section\" data-e-type=\"section\">\n\t\t\t\t\t\t<div class=\"elementor-container elementor-column-gap-extended\">\n\t\t\t\t\t<div class=\"elementor-column elementor-col-100 elementor-top-column elementor-element elementor-element-16465375 sc_inner_width_none sc_content_align_inherit sc_layouts_column_icons_position_left\" data-id=\"16465375\" data-element_type=\"column\" data-e-type=\"column\">\n\t\t\t<div class=\"elementor-widget-wrap elementor-element-populated\">\n\t\t\t\t\t\t<div class=\"elementor-element elementor-element-7ffa6d34 animation_type_block sc_fly_static elementor-widget elementor-widget-text-editor\" data-id=\"7ffa6d34\" data-element_type=\"widget\" data-e-type=\"widget\" data-widget_type=\"text-editor.default\">\n\t\t\t\t<div class=\"elementor-widget-container\">\n\t\t\t\t\t\t\t\t\t<p>Rund 8000 km \u00f6stlich von Australien liegen die sieben kleinen, zu Franz\u00f6sisch-Polynesien z\u00e4hlenden Austral-Inseln in den Weiten des Pazifischen Ozeans. Die Geschichte ihrer Besiedlung liegt im Dunklen, fest steht aber, dass es polynesische Clans waren, die vor etlichen hundert Jahren hier mit ihren Booten landeten und sich niederlie\u00dfen. Die Polynesier waren hervorragende Seefahrer, und so verwundert es kaum, dass ihre maritime Ausr\u00fcstung wohl auch die Gestaltung von Rang- und Statussymbolen f\u00fcr zeremonielle Zwecke beeinflusste \u2013 so auch die Paddel. Ihre genaue Art der Verwendung und ihre kultische Bedeutung bleibt allerdings ein Geheimnis.<\/p>\t\t\t\t\t\t\t\t<\/div>\n\t\t\t\t<\/div>\n\t\t\t\t<div class=\"elementor-element elementor-element-72d98851 animation_type_block sc_fly_static elementor-widget elementor-widget-spacer\" data-id=\"72d98851\" data-element_type=\"widget\" data-e-type=\"widget\" data-widget_type=\"spacer.default\">\n\t\t\t\t<div class=\"elementor-widget-container\">\n\t\t\t\t\t\t\t<div class=\"elementor-spacer\">\n\t\t\t<div class=\"elementor-spacer-inner\"><\/div>\n\t\t<\/div>\n\t\t\t\t\t\t<\/div>\n\t\t\t\t<\/div>\n\t\t\t\t<div class=\"elementor-element elementor-element-2f505f8b animation_type_block sc_fly_static elementor-widget elementor-widget-text-editor\" data-id=\"2f505f8b\" data-element_type=\"widget\" data-e-type=\"widget\" data-widget_type=\"text-editor.default\">\n\t\t\t\t<div class=\"elementor-widget-container\">\n\t\t\t\t\t\t\t\t\t<p>Als gesichert gilt, dass ab den 1820er-Jahren sogenannte Tanzpaddel vermehrt f\u00fcr den Handel mit europ\u00e4ischen Seeleuten angefertigt wurden, die die mit abstrakten Mustern und Ornamenten reich verzierten Objekte zu sch\u00e4tzen wussten.<\/p>\t\t\t\t\t\t\t\t<\/div>\n\t\t\t\t<\/div>\n\t\t\t\t<div class=\"elementor-element elementor-element-33300066 animation_type_block sc_fly_static elementor-widget elementor-widget-spacer\" data-id=\"33300066\" data-element_type=\"widget\" data-e-type=\"widget\" data-widget_type=\"spacer.default\">\n\t\t\t\t<div class=\"elementor-widget-container\">\n\t\t\t\t\t\t\t<div class=\"elementor-spacer\">\n\t\t\t<div class=\"elementor-spacer-inner\"><\/div>\n\t\t<\/div>\n\t\t\t\t\t\t<\/div>\n\t\t\t\t<\/div>\n\t\t\t\t<div class=\"elementor-element elementor-element-235346c2 animation_type_block sc_fly_static elementor-widget elementor-widget-spacer\" data-id=\"235346c2\" data-element_type=\"widget\" data-e-type=\"widget\" data-widget_type=\"spacer.default\">\n\t\t\t\t<div class=\"elementor-widget-container\">\n\t\t\t\t\t\t\t<div class=\"elementor-spacer\">\n\t\t\t<div class=\"elementor-spacer-inner\"><\/div>\n\t\t<\/div>\n\t\t\t\t\t\t<\/div>\n\t\t\t\t<\/div>\n\t\t\t\t<div class=\"elementor-element elementor-element-1dfc54a6 animation_type_block sc_fly_static elementor-widget elementor-widget-trx_sc_title\" data-id=\"1dfc54a6\" data-element_type=\"widget\" data-e-type=\"widget\" data-widget_type=\"trx_sc_title.default\">\n\t\t\t\t<div class=\"elementor-widget-container\">\n\t\t\t\t\t<div id=\"trx_sc_title_1268901613\"\n\t\tclass=\"sc_title color_style_dark sc_title_decoration extra_vision\"><h4 class=\"sc_item_title sc_title_title sc_item_title_style_decoration sc_item_title_tag\"><span class=\"sc_item_title_text\">Zur\u00fcck zur \u00dcbersicht <\/span><\/h4><div id=\"sc_button_1838808979\"\tclass=\"sc_item_button sc_button_wrap sc_item_button sc_item_button_simple sc_title_button\"><a href=\"https:\/\/kunstimaltenweingut.de\/de\/ozeanische-kunst\/\" class=\"sc_button sc_button_simple sc_button_size_normal sc_button_icon_left\"><span class=\"sc_button_text\"><span class=\"sc_button_title\">Exponate Ozeanische Kunst<\/span><\/span><!-- \/.sc_button_text --><\/a><!-- \/.sc_button --><\/div><!-- \/.sc_item_button --><\/div><!-- \/.sc_title -->\t\t\t\t<\/div>\n\t\t\t\t<\/div>\n\t\t\t\t\t<\/div>\n\t\t<\/div>\n\t\t\t\t\t<\/div>\n\t\t<\/section>\n\t\t\t\t<\/div>\n\t\t","protected":false},"excerpt":{"rendered":"<p>Ozeanische Kunst<\/p>\n","protected":false},"author":4,"featured_media":6503,"comment_status":"closed","ping_status":"closed","template":"","cpt_portfolio_group":[85],"class_list":["post-6498","cpt_portfolio","type-cpt_portfolio","status-publish","has-post-thumbnail","hentry","cpt_portfolio_group-ozeanien"],"jetpack_sharing_enabled":true,"ticketed":false,"_links":{"self":[{"href":"https:\/\/kunstimaltenweingut.de\/de\/wp-json\/wp\/v2\/cpt_portfolio\/6498","targetHints":{"allow":["GET"]}}],"collection":[{"href":"https:\/\/kunstimaltenweingut.de\/de\/wp-json\/wp\/v2\/cpt_portfolio"}],"about":[{"href":"https:\/\/kunstimaltenweingut.de\/de\/wp-json\/wp\/v2\/types\/cpt_portfolio"}],"author":[{"embeddable":true,"href":"https:\/\/kunstimaltenweingut.de\/de\/wp-json\/wp\/v2\/users\/4"}],"replies":[{"embeddable":true,"href":"https:\/\/kunstimaltenweingut.de\/de\/wp-json\/wp\/v2\/comments?post=6498"}],"version-history":[{"count":0,"href":"https:\/\/kunstimaltenweingut.de\/de\/wp-json\/wp\/v2\/cpt_portfolio\/6498\/revisions"}],"wp:featuredmedia":[{"embeddable":true,"href":"https:\/\/kunstimaltenweingut.de\/de\/wp-json\/wp\/v2\/media\/6503"}],"wp:attachment":[{"href":"https:\/\/kunstimaltenweingut.de\/de\/wp-json\/wp\/v2\/media?parent=6498"}],"wp:term":[{"taxonomy":"cpt_portfolio_group","embeddable":true,"href":"https:\/\/kunstimaltenweingut.de\/de\/wp-json\/wp\/v2\/cpt_portfolio_group?post=6498"}],"curies":[{"name":"wp","href":"https:\/\/api.w.org\/{rel}","templated":true}]}}

<div data-elementor-type="wp-post" data-elementor-id="6498" class="elementor elementor-6498" data-elementor-post-type="cpt_portfolio">
						<section class="elementor-section elementor-top-section elementor-element elementor-element-3ab46e6a elementor-section-boxed elementor-section-height-default elementor-section-height-default" data-id="3ab46e6a" data-element_type="section" data-e-type="section">
						<div class="elementor-container elementor-column-gap-extended">
					<div class="elementor-column elementor-col-100 elementor-top-column elementor-element elementor-element-16465375 sc_inner_width_none sc_content_align_inherit sc_layouts_column_icons_position_left" data-id="16465375" data-element_type="column" data-e-type="column">
			<div class="elementor-widget-wrap elementor-element-populated">
						<div class="elementor-element elementor-element-7ffa6d34 animation_type_block sc_fly_static elementor-widget elementor-widget-text-editor" data-id="7ffa6d34" data-element_type="widget" data-e-type="widget" data-widget_type="text-editor.default">
				<div class="elementor-widget-container">
									<p>Rund 8000 km östlich von Australien liegen die sieben kleinen, zu Französisch-Polynesien zählenden Austral-Inseln in den Weiten des Pazifischen Ozeans. Die Geschichte ihrer Besiedlung liegt im Dunklen, fest steht aber, dass es polynesische Clans waren, die vor etlichen hundert Jahren hier mit ihren Booten landeten und sich niederließen. Die Polynesier waren hervorragende Seefahrer, und so verwundert es kaum, dass ihre maritime Ausrüstung wohl auch die Gestaltung von Rang- und Statussymbolen für zeremonielle Zwecke beeinflusste – so auch die Paddel. Ihre genaue Art der Verwendung und ihre kultische Bedeutung bleibt allerdings ein Geheimnis.</p>								</div>
				</div>
				<div class="elementor-element elementor-element-72d98851 animation_type_block sc_fly_static elementor-widget elementor-widget-spacer" data-id="72d98851" data-element_type="widget" data-e-type="widget" data-widget_type="spacer.default">
				<div class="elementor-widget-container">
							<div class="elementor-spacer">
			<div class="elementor-spacer-inner"></div>
		</div>
						</div>
				</div>
				<div class="elementor-element elementor-element-2f505f8b animation_type_block sc_fly_static elementor-widget elementor-widget-text-editor" data-id="2f505f8b" data-element_type="widget" data-e-type="widget" data-widget_type="text-editor.default">
				<div class="elementor-widget-container">
									<p>Als gesichert gilt, dass ab den 1820er-Jahren sogenannte Tanzpaddel vermehrt für den Handel mit europäischen Seeleuten angefertigt wurden, die die mit abstrakten Mustern und Ornamenten reich verzierten Objekte zu schätzen wussten.</p>								</div>
				</div>
				<div class="elementor-element elementor-element-33300066 animation_type_block sc_fly_static elementor-widget elementor-widget-spacer" data-id="33300066" data-element_type="widget" data-e-type="widget" data-widget_type="spacer.default">
				<div class="elementor-widget-container">
							<div class="elementor-spacer">
			<div class="elementor-spacer-inner"></div>
		</div>
						</div>
				</div>
				<div class="elementor-element elementor-element-235346c2 animation_type_block sc_fly_static elementor-widget elementor-widget-spacer" data-id="235346c2" data-element_type="widget" data-e-type="widget" data-widget_type="spacer.default">
				<div class="elementor-widget-container">
							<div class="elementor-spacer">
			<div class="elementor-spacer-inner"></div>
		</div>
						</div>
				</div>
				<div class="elementor-element elementor-element-1dfc54a6 animation_type_block sc_fly_static elementor-widget elementor-widget-trx_sc_title" data-id="1dfc54a6" data-element_type="widget" data-e-type="widget" data-widget_type="trx_sc_title.default">
				<div class="elementor-widget-container">
					<div id="trx_sc_title_1268901613"
		class="sc_title color_style_dark sc_title_decoration extra_vision"><h4 class="sc_item_title sc_title_title sc_item_title_style_decoration sc_item_title_tag"><span class="sc_item_title_text">Zurück zur Übersicht </span></h4><div id="sc_button_1838808979"	class="sc_item_button sc_button_wrap sc_item_button sc_item_button_simple sc_title_button"><a href="https://kunstimaltenweingut.de/de/ozeanische-kunst/" class="sc_button sc_button_simple sc_button_size_normal sc_button_icon_left"><span class="sc_button_text"><span class="sc_button_title">Exponate Ozeanische Kunst</span></span><!-- /.sc_button_text --></a><!-- /.sc_button --></div><!-- /.sc_item_button --></div><!-- /.sc_title -->				</div>
				</div>
					</div>
		</div>
					</div>
		</section>
				</div>
