{"id":5239,"date":"2023-06-01T09:19:06","date_gmt":"2023-06-01T07:19:06","guid":{"rendered":"https:\/\/kunstimaltenweingut.de\/?post_type=cpt_portfolio&#038;p=5239"},"modified":"2025-02-28T10:07:39","modified_gmt":"2025-02-28T09:07:39","slug":"rainer-fetting-berliner-mauer-1988","status":"publish","type":"cpt_portfolio","link":"https:\/\/kunstimaltenweingut.de\/de\/portfolio\/rainer-fetting-berliner-mauer-1988\/","title":{"rendered":"Rainer Fetting, Berliner Mauer, 1988"},"content":{"rendered":"\t\t<div data-elementor-type=\"wp-post\" data-elementor-id=\"5239\" class=\"elementor elementor-5239\" data-elementor-post-type=\"cpt_portfolio\">\n\t\t\t\t\t\t<section class=\"elementor-section elementor-top-section elementor-element elementor-element-80456d2 elementor-section-boxed elementor-section-height-default elementor-section-height-default\" data-id=\"80456d2\" data-element_type=\"section\" data-e-type=\"section\">\n\t\t\t\t\t\t<div class=\"elementor-container elementor-column-gap-default\">\n\t\t\t\t\t<div class=\"elementor-column elementor-col-100 elementor-top-column elementor-element elementor-element-54f3286c sc_inner_width_none sc_content_align_inherit sc_layouts_column_icons_position_left\" data-id=\"54f3286c\" data-element_type=\"column\" data-e-type=\"column\">\n\t\t\t<div class=\"elementor-widget-wrap elementor-element-populated\">\n\t\t\t\t\t\t<div class=\"elementor-element elementor-element-425f4e2a animation_type_block sc_fly_static elementor-widget elementor-widget-text-editor\" data-id=\"425f4e2a\" data-element_type=\"widget\" data-e-type=\"widget\" data-widget_type=\"text-editor.default\">\n\t\t\t\t<div class=\"elementor-widget-container\">\n\t\t\t\t\t\t\t\t\t<p>Rainer Fetting, Berliner Mauer, 1988<br \/>\u00a9 Rainer Fetting, 2023<\/p>\t\t\t\t\t\t\t\t<\/div>\n\t\t\t\t<\/div>\n\t\t\t\t<div class=\"elementor-element elementor-element-1d8b5f7 animation_type_block sc_fly_static elementor-widget elementor-widget-spacer\" data-id=\"1d8b5f7\" data-element_type=\"widget\" data-e-type=\"widget\" data-widget_type=\"spacer.default\">\n\t\t\t\t<div class=\"elementor-widget-container\">\n\t\t\t\t\t\t\t<div class=\"elementor-spacer\">\n\t\t\t<div class=\"elementor-spacer-inner\"><\/div>\n\t\t<\/div>\n\t\t\t\t\t\t<\/div>\n\t\t\t\t<\/div>\n\t\t\t\t\t<\/div>\n\t\t<\/div>\n\t\t\t\t\t<\/div>\n\t\t<\/section>\n\t\t\t\t<section class=\"elementor-section elementor-top-section elementor-element elementor-element-c31f76c elementor-section-boxed elementor-section-height-default elementor-section-height-default\" data-id=\"c31f76c\" data-element_type=\"section\" data-e-type=\"section\">\n\t\t\t\t\t\t<div class=\"elementor-container elementor-column-gap-extended\">\n\t\t\t\t\t<div class=\"elementor-column elementor-col-100 elementor-top-column elementor-element elementor-element-4dc093c1 sc_inner_width_none sc_content_align_inherit sc_layouts_column_icons_position_left\" data-id=\"4dc093c1\" data-element_type=\"column\" data-e-type=\"column\">\n\t\t\t<div class=\"elementor-widget-wrap elementor-element-populated\">\n\t\t\t\t\t\t<div class=\"elementor-element elementor-element-278e4f83 animation_type_block sc_fly_static elementor-widget elementor-widget-text-editor\" data-id=\"278e4f83\" data-element_type=\"widget\" data-e-type=\"widget\" data-widget_type=\"text-editor.default\">\n\t\t\t\t<div class=\"elementor-widget-container\">\n\t\t\t\t\t\t\t\t\t<p>Wie ein Schattenriss erheben sich die T\u00fcrme und Kuppeln einer n\u00e4chtlichen Stadt in den rotgl\u00fchenden Himmel. \u00dcber den Boden scheinen blauschwarze Nebel zu ziehen. Besonders beunruhigend aber ist das schmutzig-gelbe Gebilde, das sich, einem Lindwurm gleich, durchs Bild schl\u00e4ngelt und sich in den Schluchten der Stadt verliert. Unendlich lang und un\u00fcberwindbar.<\/p><p>Rainer Fetting, einer der bedeutendsten deutschen K\u00fcnstler der Gegenwart, dokumentiert, was er in Berlin jeden Tag vor Augen hat: die geteilte Gro\u00dfstadt \u2013 Berlin in Zeiten der Mauer. Seit er 1977 das \u201eErste Mauerbild\u201c gemalt hat, l\u00e4sst Fetting das Symbol f\u00fcr die Teilung Deutschlands und den Kalten Krieg nicht mehr los.<\/p>\t\t\t\t\t\t\t\t<\/div>\n\t\t\t\t<\/div>\n\t\t\t\t<div class=\"elementor-element elementor-element-310f97a6 animation_type_block sc_fly_static elementor-widget elementor-widget-spacer\" data-id=\"310f97a6\" data-element_type=\"widget\" data-e-type=\"widget\" data-widget_type=\"spacer.default\">\n\t\t\t\t<div class=\"elementor-widget-container\">\n\t\t\t\t\t\t\t<div class=\"elementor-spacer\">\n\t\t\t<div class=\"elementor-spacer-inner\"><\/div>\n\t\t<\/div>\n\t\t\t\t\t\t<\/div>\n\t\t\t\t<\/div>\n\t\t\t\t<div class=\"elementor-element elementor-element-772a0206 animation_type_block sc_fly_static elementor-widget elementor-widget-text-editor\" data-id=\"772a0206\" data-element_type=\"widget\" data-e-type=\"widget\" data-widget_type=\"text-editor.default\">\n\t\t\t\t<div class=\"elementor-widget-container\">\n\t\t\t\t\t\t\t\t\t<p>Expressiv stellt er seine Lebenswelt dar, mit kr\u00e4ftigem Duktus und starken Farben. Damit steht Fetting weiterhin in der Tradition der \u201eNeuen Wilden\u201c. Diese Gruppe junger K\u00fcnstler, darunter auch Salom\u00e9 und Bernd Zimmer, betrieb von 1977 bis 1982 die Galerie am Moritzplatz und machte unter anderem mit der Ausstellung \u201eHeftige Malerei\u201c weit \u00fcber die Grenzen Berlins hinaus von sich reden. Der einstige \u201eMoritzboy\u201c Fetting setzte seine Karriere international fort und erlangte nicht nur als Maler und Grafiker sondern auch als Bildhauer Ber\u00fchmtheit, etwa mit seiner \u00fcber drei Meter hohe Bronzestatue von Willy Brandt in der Berliner Bundeszentrale der SPD.<\/p>\t\t\t\t\t\t\t\t<\/div>\n\t\t\t\t<\/div>\n\t\t\t\t<div class=\"elementor-element elementor-element-51e5b976 animation_type_block sc_fly_static elementor-widget elementor-widget-spacer\" data-id=\"51e5b976\" data-element_type=\"widget\" data-e-type=\"widget\" data-widget_type=\"spacer.default\">\n\t\t\t\t<div class=\"elementor-widget-container\">\n\t\t\t\t\t\t\t<div class=\"elementor-spacer\">\n\t\t\t<div class=\"elementor-spacer-inner\"><\/div>\n\t\t<\/div>\n\t\t\t\t\t\t<\/div>\n\t\t\t\t<\/div>\n\t\t\t\t<div class=\"elementor-element elementor-element-53d3e31c animation_type_block sc_fly_static elementor-widget elementor-widget-spacer\" data-id=\"53d3e31c\" data-element_type=\"widget\" data-e-type=\"widget\" data-widget_type=\"spacer.default\">\n\t\t\t\t<div class=\"elementor-widget-container\">\n\t\t\t\t\t\t\t<div class=\"elementor-spacer\">\n\t\t\t<div class=\"elementor-spacer-inner\"><\/div>\n\t\t<\/div>\n\t\t\t\t\t\t<\/div>\n\t\t\t\t<\/div>\n\t\t\t\t<div class=\"elementor-element elementor-element-5a1ad59c animation_type_block sc_fly_static elementor-widget elementor-widget-trx_sc_title\" data-id=\"5a1ad59c\" data-element_type=\"widget\" data-e-type=\"widget\" data-widget_type=\"trx_sc_title.default\">\n\t\t\t\t<div class=\"elementor-widget-container\">\n\t\t\t\t\t<div id=\"trx_sc_title_2096238522\"\n\t\tclass=\"sc_title color_style_dark sc_title_decoration extra_vision\"><h4 class=\"sc_item_title sc_title_title sc_item_title_style_decoration sc_item_title_tag\"><span class=\"sc_item_title_text\">Zur\u00fcck zur \u00dcbersicht <\/span><\/h4><div id=\"sc_button_416066349\"\tclass=\"sc_item_button sc_button_wrap sc_item_button sc_item_button_simple sc_title_button\"><a href=\"https:\/\/kunstimaltenweingut.de\/bildende-kunst-grafik\/\" class=\"sc_button sc_button_simple sc_button_size_normal sc_button_icon_left\"><span class=\"sc_button_text\"><span class=\"sc_button_title\">Exponate Bildende Kunst Grafik<\/span><\/span><!-- \/.sc_button_text --><\/a><!-- \/.sc_button --><\/div><!-- \/.sc_item_button --><\/div><!-- \/.sc_title -->\t\t\t\t<\/div>\n\t\t\t\t<\/div>\n\t\t\t\t\t<\/div>\n\t\t<\/div>\n\t\t\t\t\t<\/div>\n\t\t<\/section>\n\t\t\t\t<\/div>\n\t\t","protected":false},"excerpt":{"rendered":"<p>Bildende Kunst, Grafik<\/p>\n","protected":false},"author":4,"featured_media":5244,"comment_status":"closed","ping_status":"closed","template":"","cpt_portfolio_group":[128],"class_list":["post-5239","cpt_portfolio","type-cpt_portfolio","status-publish","has-post-thumbnail","hentry","cpt_portfolio_group-grafik"],"jetpack_sharing_enabled":true,"ticketed":false,"_links":{"self":[{"href":"https:\/\/kunstimaltenweingut.de\/de\/wp-json\/wp\/v2\/cpt_portfolio\/5239","targetHints":{"allow":["GET"]}}],"collection":[{"href":"https:\/\/kunstimaltenweingut.de\/de\/wp-json\/wp\/v2\/cpt_portfolio"}],"about":[{"href":"https:\/\/kunstimaltenweingut.de\/de\/wp-json\/wp\/v2\/types\/cpt_portfolio"}],"author":[{"embeddable":true,"href":"https:\/\/kunstimaltenweingut.de\/de\/wp-json\/wp\/v2\/users\/4"}],"replies":[{"embeddable":true,"href":"https:\/\/kunstimaltenweingut.de\/de\/wp-json\/wp\/v2\/comments?post=5239"}],"version-history":[{"count":0,"href":"https:\/\/kunstimaltenweingut.de\/de\/wp-json\/wp\/v2\/cpt_portfolio\/5239\/revisions"}],"wp:featuredmedia":[{"embeddable":true,"href":"https:\/\/kunstimaltenweingut.de\/de\/wp-json\/wp\/v2\/media\/5244"}],"wp:attachment":[{"href":"https:\/\/kunstimaltenweingut.de\/de\/wp-json\/wp\/v2\/media?parent=5239"}],"wp:term":[{"taxonomy":"cpt_portfolio_group","embeddable":true,"href":"https:\/\/kunstimaltenweingut.de\/de\/wp-json\/wp\/v2\/cpt_portfolio_group?post=5239"}],"curies":[{"name":"wp","href":"https:\/\/api.w.org\/{rel}","templated":true}]}}

<div data-elementor-type="wp-post" data-elementor-id="5239" class="elementor elementor-5239" data-elementor-post-type="cpt_portfolio">
						<section class="elementor-section elementor-top-section elementor-element elementor-element-80456d2 elementor-section-boxed elementor-section-height-default elementor-section-height-default" data-id="80456d2" data-element_type="section" data-e-type="section">
						<div class="elementor-container elementor-column-gap-default">
					<div class="elementor-column elementor-col-100 elementor-top-column elementor-element elementor-element-54f3286c sc_inner_width_none sc_content_align_inherit sc_layouts_column_icons_position_left" data-id="54f3286c" data-element_type="column" data-e-type="column">
			<div class="elementor-widget-wrap elementor-element-populated">
						<div class="elementor-element elementor-element-425f4e2a animation_type_block sc_fly_static elementor-widget elementor-widget-text-editor" data-id="425f4e2a" data-element_type="widget" data-e-type="widget" data-widget_type="text-editor.default">
				<div class="elementor-widget-container">
									<p>Rainer Fetting, Berliner Mauer, 1988<br />© Rainer Fetting, 2023</p>								</div>
				</div>
				<div class="elementor-element elementor-element-1d8b5f7 animation_type_block sc_fly_static elementor-widget elementor-widget-spacer" data-id="1d8b5f7" data-element_type="widget" data-e-type="widget" data-widget_type="spacer.default">
				<div class="elementor-widget-container">
							<div class="elementor-spacer">
			<div class="elementor-spacer-inner"></div>
		</div>
						</div>
				</div>
					</div>
		</div>
					</div>
		</section>
				<section class="elementor-section elementor-top-section elementor-element elementor-element-c31f76c elementor-section-boxed elementor-section-height-default elementor-section-height-default" data-id="c31f76c" data-element_type="section" data-e-type="section">
						<div class="elementor-container elementor-column-gap-extended">
					<div class="elementor-column elementor-col-100 elementor-top-column elementor-element elementor-element-4dc093c1 sc_inner_width_none sc_content_align_inherit sc_layouts_column_icons_position_left" data-id="4dc093c1" data-element_type="column" data-e-type="column">
			<div class="elementor-widget-wrap elementor-element-populated">
						<div class="elementor-element elementor-element-278e4f83 animation_type_block sc_fly_static elementor-widget elementor-widget-text-editor" data-id="278e4f83" data-element_type="widget" data-e-type="widget" data-widget_type="text-editor.default">
				<div class="elementor-widget-container">
									<p>Wie ein Schattenriss erheben sich die Türme und Kuppeln einer nächtlichen Stadt in den rotglühenden Himmel. Über den Boden scheinen blauschwarze Nebel zu ziehen. Besonders beunruhigend aber ist das schmutzig-gelbe Gebilde, das sich, einem Lindwurm gleich, durchs Bild schlängelt und sich in den Schluchten der Stadt verliert. Unendlich lang und unüberwindbar.</p><p>Rainer Fetting, einer der bedeutendsten deutschen Künstler der Gegenwart, dokumentiert, was er in Berlin jeden Tag vor Augen hat: die geteilte Großstadt – Berlin in Zeiten der Mauer. Seit er 1977 das „Erste Mauerbild“ gemalt hat, lässt Fetting das Symbol für die Teilung Deutschlands und den Kalten Krieg nicht mehr los.</p>								</div>
				</div>
				<div class="elementor-element elementor-element-310f97a6 animation_type_block sc_fly_static elementor-widget elementor-widget-spacer" data-id="310f97a6" data-element_type="widget" data-e-type="widget" data-widget_type="spacer.default">
				<div class="elementor-widget-container">
							<div class="elementor-spacer">
			<div class="elementor-spacer-inner"></div>
		</div>
						</div>
				</div>
				<div class="elementor-element elementor-element-772a0206 animation_type_block sc_fly_static elementor-widget elementor-widget-text-editor" data-id="772a0206" data-element_type="widget" data-e-type="widget" data-widget_type="text-editor.default">
				<div class="elementor-widget-container">
									<p>Expressiv stellt er seine Lebenswelt dar, mit kräftigem Duktus und starken Farben. Damit steht Fetting weiterhin in der Tradition der „Neuen Wilden“. Diese Gruppe junger Künstler, darunter auch Salomé und Bernd Zimmer, betrieb von 1977 bis 1982 die Galerie am Moritzplatz und machte unter anderem mit der Ausstellung „Heftige Malerei“ weit über die Grenzen Berlins hinaus von sich reden. Der einstige „Moritzboy“ Fetting setzte seine Karriere international fort und erlangte nicht nur als Maler und Grafiker sondern auch als Bildhauer Berühmtheit, etwa mit seiner über drei Meter hohe Bronzestatue von Willy Brandt in der Berliner Bundeszentrale der SPD.</p>								</div>
				</div>
				<div class="elementor-element elementor-element-51e5b976 animation_type_block sc_fly_static elementor-widget elementor-widget-spacer" data-id="51e5b976" data-element_type="widget" data-e-type="widget" data-widget_type="spacer.default">
				<div class="elementor-widget-container">
							<div class="elementor-spacer">
			<div class="elementor-spacer-inner"></div>
		</div>
						</div>
				</div>
				<div class="elementor-element elementor-element-53d3e31c animation_type_block sc_fly_static elementor-widget elementor-widget-spacer" data-id="53d3e31c" data-element_type="widget" data-e-type="widget" data-widget_type="spacer.default">
				<div class="elementor-widget-container">
							<div class="elementor-spacer">
			<div class="elementor-spacer-inner"></div>
		</div>
						</div>
				</div>
				<div class="elementor-element elementor-element-5a1ad59c animation_type_block sc_fly_static elementor-widget elementor-widget-trx_sc_title" data-id="5a1ad59c" data-element_type="widget" data-e-type="widget" data-widget_type="trx_sc_title.default">
				<div class="elementor-widget-container">
					<div id="trx_sc_title_2096238522"
		class="sc_title color_style_dark sc_title_decoration extra_vision"><h4 class="sc_item_title sc_title_title sc_item_title_style_decoration sc_item_title_tag"><span class="sc_item_title_text">Zurück zur Übersicht </span></h4><div id="sc_button_416066349"	class="sc_item_button sc_button_wrap sc_item_button sc_item_button_simple sc_title_button"><a href="https://kunstimaltenweingut.de/bildende-kunst-grafik/" class="sc_button sc_button_simple sc_button_size_normal sc_button_icon_left"><span class="sc_button_text"><span class="sc_button_title">Exponate Bildende Kunst Grafik</span></span><!-- /.sc_button_text --></a><!-- /.sc_button --></div><!-- /.sc_item_button --></div><!-- /.sc_title -->				</div>
				</div>
					</div>
		</div>
					</div>
		</section>
				</div>
